{"id":2331,"date":"2025-04-04T01:09:24","date_gmt":"2025-04-03T23:09:24","guid":{"rendered":"https:\/\/neerutiselts.ee\/?page_id=2331"},"modified":"2025-09-29T15:21:34","modified_gmt":"2025-09-29T13:21:34","slug":"kadrina-kilbar-2","status":"publish","type":"page","link":"https:\/\/neerutiselts.ee\/index.php\/kadrina-kilbar-2\/","title":{"rendered":"Kadrina Kilbar"},"content":{"rendered":"\n<p class=\"has-text-align-center\">Kadrina Kilbar oli m\u00e4lum\u00e4ngu sari, mis toimus kord kuus Kadrina rahvamajas. 2022-2025.<\/p>\n\n\n\n<p class=\"has-text-align-center\">Kadrina Kilbar III hooaeg<\/p>\n\n\n\n<p class=\"has-text-align-center\"><a href=\"https:\/\/neerutiselts.ee\/wp-content\/uploads\/2025\/04\/KK-III-hooaja-I-mang-12.-10.-2024.pptx\">I m\u00e4ng 12. 10. 2024<\/a><\/p>\n\n\n\n<p class=\"has-text-align-center\"><a href=\"https:\/\/neerutiselts.ee\/wp-content\/uploads\/2025\/04\/KK-III-hooaja-II-mang-16.-11.-2024.pptx\">II m\u00e4ng 16. 11. 2024<\/a> (v\u00f5itis Neeruti Seltsi v\u00f5istkond)<\/p>\n\n\n\n<p class=\"has-text-align-center\"><a href=\"https:\/\/neerutiselts.ee\/wp-content\/uploads\/2025\/04\/KK-III-hooaja-III-mang-14.-12.-2024.pptx\">III m\u00e4ng 14. 12. 2024<\/a><\/p>\n\n\n\n<p class=\"has-text-align-center\"><a href=\"https:\/\/neerutiselts.ee\/wp-content\/uploads\/2025\/04\/KK-III-hooaja-IV-mang-18.-01.-2025.pptx\">IV m\u00e4ng 18. 01. 2025<\/a><\/p>\n\n\n\n<p class=\"has-text-align-center\"><a href=\"https:\/\/neerutiselts.ee\/wp-content\/uploads\/2025\/04\/KK-III-hooaja-V-mang-22.-02.-2025.pptx\">V m\u00e4ng 22. 02. 2025<\/a><\/p>\n\n\n\n<p class=\"has-text-align-center\"><a href=\"https:\/\/neerutiselts.ee\/wp-content\/uploads\/2025\/04\/KK-III-hooaja-VI-mang-22.-03.-2025.pptx\">VI m\u00e4ng 22. 03. 2025<\/a><\/p>\n\n\n\n<p class=\"has-text-align-center\"><a href=\"https:\/\/neerutiselts.ee\/wp-content\/uploads\/2025\/04\/Kilbar-0425.pptx\" data-type=\"link\" data-id=\"https:\/\/neerutiselts.ee\/wp-content\/uploads\/2025\/04\/Kilbar-0425.pptx\">VII m\u00e4ng 19. 04. 2025<\/a> (v\u00f5itis Neeruti Seltsi v\u00f5istkond)<\/p>\n\n\n\n<p class=\"has-text-align-center\"><a href=\"https:\/\/neerutiselts.ee\/wp-content\/uploads\/2025\/05\/Kadrina-Kilbar-24.05.pptx\" data-type=\"link\" data-id=\"https:\/\/neerutiselts.ee\/wp-content\/uploads\/2025\/05\/Kadrina-Kilbar-24.05.pptx\">VIII m\u00e4ng 24. 05. 2025<\/a> (v\u00f5itis Neeruti Seltsi v\u00f5istkond)<\/p>\n\n\n\n<p class=\"has-text-align-center\">Kadrina Kilbar II hooaeg (Hooaja v\u00f5itis Neeruti Seltsi v\u00f5istkond)<\/p>\n\n\n\n<p class=\"has-text-align-center\"><a href=\"https:\/\/neerutiselts.ee\/wp-content\/uploads\/2025\/04\/Kadrina-Kilbar-2.-hooaja-kusimused.pdf\">Kadrina Kilbari II hooaja k\u00fcsimused ja vastused<\/a><\/p>\n\n\n\n<p class=\"has-text-align-center\">Kadrina Kilbari I hooaeg<\/p>\n\n\n\n<p class=\"has-text-align-center\"><a href=\"https:\/\/neerutiselts.ee\/wp-content\/uploads\/2025\/04\/Kadrina-Kilbar-I-voor.docx\">I m\u00e4ng 13. 10. 2022<\/a><\/p>\n\n\n\n<p class=\"has-text-align-center\"><a href=\"https:\/\/neerutiselts.ee\/wp-content\/uploads\/2025\/04\/Kadrina-Kilbar-II-voor.docx\">II m\u00e4ng 10. 11. 2022<\/a><\/p>\n\n\n\n<p class=\"has-text-align-center\"><a href=\"https:\/\/neerutiselts.ee\/wp-content\/uploads\/2025\/04\/Kadrina-Kilbar-II-voor-vastuste-leht.docx\">II m\u00e4ngu vastused<\/a><\/p>\n\n\n\n<p class=\"has-text-align-center\"><a href=\"https:\/\/neerutiselts.ee\/wp-content\/uploads\/2025\/04\/Kadrina-Kilbar-III-voor.docx\">III m\u00e4ng 18. 02. 2023<\/a><\/p>\n\n\n\n<p class=\"has-text-align-center\"><a href=\"https:\/\/neerutiselts.ee\/wp-content\/uploads\/2025\/04\/Kadrina-Kilbar-III-voor-vastuste-leht.docx\">III m\u00e4ngu vastused<\/a><\/p>\n\n\n\n<p class=\"has-text-align-center\">IV m\u00e4ng 11. 03. 2023<\/p>\n\n\n\n<p class=\"has-text-align-center\">V m\u00e4ng 08. 04. 2023<\/p>\n\n\n\n<p class=\"has-text-align-center\">VI m\u00e4ng<\/p>\n\n\n\n<p class=\"has-text-align-center\"><a href=\"https:\/\/neerutiselts.ee\/wp-content\/uploads\/2025\/04\/Kadrina-Kilbar-I-hooaja-finaal.pptx\">VII m\u00e4ng 17. 06. 2023<\/a><\/p>\n","protected":false},"excerpt":{"rendered":"<p>Kadrina Kilbar oli m\u00e4lum\u00e4ngu sari, mis toimus kord kuus Kadrina rahvamajas. 2022-2025. Kadrina Kilbar III hooaeg I m\u00e4ng 12. 10. 2024 II m\u00e4ng 16. 11. 2024 (v\u00f5itis Neeruti Seltsi v\u00f5istkond) III m\u00e4ng 14. 12. 2024 IV m\u00e4ng 18. 01. 2025 V m\u00e4ng 22. 02. 2025 VI m\u00e4ng 22. 03. 2025 VII m\u00e4ng 19. 04. 2025&#8230;<\/p>\n","protected":false},"author":1,"featured_media":0,"parent":0,"menu_order":0,"comment_status":"closed","ping_status":"closed","template":"","meta":{"ngg_post_thumbnail":0,"footnotes":""},"class_list":["post-2331","page","type-page","status-publish","hentry"],"_links":{"self":[{"href":"https:\/\/neerutiselts.ee\/index.php\/wp-json\/wp\/v2\/pages\/2331","targetHints":{"allow":["GET"]}}],"collection":[{"href":"https:\/\/neerutiselts.ee\/index.php\/wp-json\/wp\/v2\/pages"}],"about":[{"href":"https:\/\/neerutiselts.ee\/index.php\/wp-json\/wp\/v2\/types\/page"}],"author":[{"embeddable":true,"href":"https:\/\/neerutiselts.ee\/index.php\/wp-json\/wp\/v2\/users\/1"}],"replies":[{"embeddable":true,"href":"https:\/\/neerutiselts.ee\/index.php\/wp-json\/wp\/v2\/comments?post=2331"}],"version-history":[{"count":8,"href":"https:\/\/neerutiselts.ee\/index.php\/wp-json\/wp\/v2\/pages\/2331\/revisions"}],"predecessor-version":[{"id":2505,"href":"https:\/\/neerutiselts.ee\/index.php\/wp-json\/wp\/v2\/pages\/2331\/revisions\/2505"}],"wp:attachment":[{"href":"https:\/\/neerutiselts.ee\/index.php\/wp-json\/wp\/v2\/media?parent=2331"}],"curies":[{"name":"wp","href":"https:\/\/api.w.org\/{rel}","templated":true}]}}